6
What is the hundreds digit of 1729978146?
1
What is the ten thousands digit of 159959896?
5
What is the ten thousands digit of 34022384?
2
What is the billions digit of 1150491487?
1
What is the thousands digit of 24794754?
4
What is the hundred thousands digit of 1620557042?
5
What is the millions digit of 53709810?
3
What is the units digit of 64947035?
5
What is the ten thousands digit of 102640854?
4
What is the thousands digit of 7094564?
4
What is the hundred thousands digit of 9527159?
5
What is the millions digit of 4134472?
4
What is the ten thousands digit of 8626105?
2
What is the thousands digit of 640496241?
6
What is the hundred thousands digit of 2106254961?
2
What is the tens digit of 338434081?
8
What is the millions digit of 5014901?
5
What is the hundred thousands digit of 398137032?
1
What is the tens digit of 82154693?
9
What is the tens digit of 272419542?
4
What is the thousands digit of 20950234?
0
What is the millions digit of 119772348?
9
What is the millions digit of 1026586693?
6
What is the millions digit of 33819872?
3
What is the ten thousands digit of 1281960095?
6
What is the hundreds digit of 849962713?
7
What is the ten millions digit of 841500637?
4
What is the hundred thousands digit of 1517170958?
1
What is the hundred millions digit of 2654142197?
6
What is the hundred thousands digit of 111411177?
4
What is the tens digit of 4337065557?
5
What is the units digit of 198628528?
8
What is the ten millions digit of 113254790?
1
What is the thousands digit of 130145407?
5
What is the units digit of 443245077?
7
What is the millions digit of 49573665?
9
What is the ten millions digit of 78851046?
7
What is the tens digit of 2198963328?
2
What is the tens digit of 30049602?
0
What is the units digit of 2165848519?
9
What is the hundreds digit of 13274810?
8
What is the millions digit of 2145274003?
5
What is the ten millions digit of 238259871?
3
What is the hundreds digit of 204101380?
3
What is the ten millions digit of 125559847?
2
What is the millions digit of 102252594?
2
What is the billions digit of 1005043250?
1
What is the hundred thousands digit of 3225458841?
4
What is the hundred millions digit of 1111507041?
1
What is the thousands digit of 662120957?
0
What is the units digit of 4713965?
5
What is the ten millions digit of 1227258460?
2
What is the ten thousands digit of 70079448?
7
What is the thousands digit of 41841476?
1
What is the tens digit of 1419200553?
5
What is the hundred millions digit of 2721444513?
7
What is the hundred thousands digit of 14820650?
8
What is the hundred millions digit of 124153223?
1
What is the units digit of 454498001?
1
What is the hundreds digit of 1214310?
3
What is the ten millions digit of 25839430?
2
What is the hundreds digit of 3345507626?
6
What is the ten millions digit of 16851826?
1
What is the ten thousands digit of 211749108?
4
What is the hundreds digit of 802649719?
7
What is the hundreds digit of 3803842130?
1
What is the units digit of 242667993?
3
What is the hundred thousands digit of 52474479?
4
What is the ten millions digit of 598771239?
9
What is the ten millions digit of 787079427?
8
What is the ten thousands digit of 3960509494?
0
What is the hundred thousands digit of 168786516?
7
What is the ten millions digit of 595079297?
9
What is the hundred thousands digit of 141685898?
6
What is the hundred thousands digit of 17316527?
3
What is the tens digit of 28541748?
4
What is the hundreds digit of 62015983?
9
What is the ten millions digit of 12276963?
1
What is the hundreds digit of 47038089?
0
What is the millions digit of 791747081?
1
What is the hundred millions digit of 1050210050?
0
What is the hundred millions digit of 154020130?
1
What is the hundreds digit of 666952723?
7
What is the millions digit of 33539209?
3
What is the tens digit of 67659032?
3
What is the hundreds digit of 2438467241?
2
What is the hundred thousands digit of 12358287?
3
What is the ten millions digit of 920909805?
2
What is the hundred thousands digit of 42973870?
9
What is the thousands digit of 2053684212?
4
What is the ten thousands digit of 7290558936?
5
What is the thousands digit of 59432620?
2
What is the thousands digit of 186407061?
7
What is the hundred thousands digit of 582208211?
2
What is the ten thousands digit of 1275841555?
4
What is the tens digit of 113053419?
1
What is the ten millions digit of 355013910?
5
What is the millions digit of 3898974770?
8
What is the units digit of 2475540068?
8
What is the tens digit of 117192064?
6
What is the hundred thousands digit of 2099547236?
5
What is the ten thousands digit of 1390571876?
7
What is the hundreds digit of 24366969?
9
What is the ten millions digit of 164972226?
6
What is the millions digit of 93486846?
3
What is the hundreds digit of 2499764?
7
What is the ten millions digit of 160590709?
6
What is the hundred millions digit of 337015486?
3
What is the thousands digit of 215064348?
4
What is the millions digit of 1030158873?
0
What is the tens digit of 14862172?
7
What is the ten millions digit of 913835601?
1
What is the thousands digit of 58532482?
2
What is the thousands digit of 8009695?
9
What is the millions digit of 1058158604?
8
What is the ten millions digit of 14785907?
1
What is the hundred millions digit of 277833285?
2
What is the millions digit of 881046914?
1
What is the ten millions digit of 1967791571?
6
What is the thousands digit of 52121657?
1
What is the thousands digit of 2529746704?
6
What is the thousands digit of 11891056?
1
What is the hundreds digit of 2203201473?
4
What is the hundreds digit of 188148247?
2
What is the hundred millions digit of 1284102998?
2
What is the ten millions digit of 3694199607?
9
What is the ten thousands digit of 13122213?
2
What is the units digit of 27605215?
5
What is the tens digit of 61281766?
6
What is the ten millions digit of 140000357?
4
What is the units digit of 70425213?
3
What is the ten thousands digit of 616513705?
1
What is the ten millions digit of 569799978?
6
What is the hundreds digit of 109892511?
5
What is the tens digit of 1468446463?
6
What is the millions digit of 34189801?
4
What is the hundred millions digit of 4179543161?
1
What is the thousands digit of 75640523?
0
What is the units digit of 2446329837?
7
What is the thousands digit of 6007754?
7
What is the billions digit of 3165591277?
3
What is the units digit of 234571893?
3
What is the units digit of 21897887?
7
What is the units digit of 2977452575?
5
What is the tens digit of 7437790?
9
What is the millions digit of 752622548?
2
What is the units digit of 244724635?
5
What is the thousands digit of 266917047?
7
What is the ten millions digit of 527881112?
2
What is the thousands digit of 7575210?
5
What is the ten thousands digit of 86445354?
4
What is the millions digit of 24170461?
4
What is the hundred thousands digit of 37024533?
0
What is the millions digit of 28248049?
8
What is the thousands digit of 14453117?
3
What is the thousands digit of 658345409?
5
What is the ten millions digit of 1823123273?
2
What is the hundreds digit of 51044532?
5
What is the thousands digit of 113915370?
5
What is the ten millions digit of 2537825663?
3
What is the hundred thousands digit of 8800129?
8
What is the billions digit of 1025640707?
1
What is the thousands digit of 95720676?
0
What is the hundreds digit of 4005636892?
8
What is the hundred millions digit of 433328322?
4
What is the hundreds digit of 54254554?
5
What is the billions digit of 5117933840?
5
What is the tens digit of 8995085?
8
What is the hundred millions digit of 2819179086?
8
What is the millions digit of 34981187?
4
What is the hundred millions digit of 703471026?
7
What is the tens digit of 161969715?
1
What is the ten millions digit of 120162368?
2
What is the units digit of 82669001?
1
What is the hundreds digit of 16788202?
2
What is the thousands digit of 453178094?
8
What is the billions digit of 2626314243?
2
What is the ten thousands digit of 14162498?
6
What is the units digit of 2069313283?
3
What is the ten thousands digit of 981806383?
0
What is the millions digit of 23236733?
3
What is the tens digit of 1180598732?
3
What is the millions digit of 5598539?
5
What